Let n be k/5 - 16/(-10). Is 783/21 + n/(-7) composite?
False
Let d(r) = -r**2 - 4*r - 1. Let a be d(-5). Let v = a + 6. Suppose v*g - i - 59 = -3*g, -62 = -2*g - 5*i. Is g a composite number?
True
Let r = -10318 + 14915. Is r composite?
False
Let i be 18 - 1*0/(-3). Suppose 21 = -5*x + 2*k + 82, -2*x + i = -4*k. Is x composite?
False
Let m be -4 + 42/3 - 2. Suppose -1435 = -m*i + 3*i. Is i composite?
True
Let h(v) = -v**3 + 15*v**2 - 5*v + 1. Is h(14) a prime number?
True
Suppose 2513 = 9*z - 2*z. Is z a prime number?
True
Let m(k) = 12*k**2. Let v = 5 + -4. Let o be m(v). Is (-2)/3 - (-452)/o composite?
False
Let w = -3 - -10. Suppose -2*d + w*d = 265. Is d prime?
True
Let l be (-1 - -2)/(3 - 2). Suppose -a + 0 + l = 0. Is ((-19)/2)/a*-2 a composite number?
False
Let a = 62 - 43. Let m = 6 + a. Is m a composite number?
True
Let l(x) be the third derivative of x**5/60 + x**4/3 + x**3 + 2*x**2. Let y be l(-6). Let m(g) = -14*g + 1. Is m(y) composite?
True
Let d be (2 + (-1 - 1))*-1. Let c(j) = -j**2 + j + 1. Let b be c(d). Is (-4)/6*(-14 - b) a composite number?
True
Suppose 5*d + 7 = 4*x + 44, -3*d + 21 = -2*x. Let a be (192 - 0) + 0 - 2. Suppose 4*q + k - 73 - a = 0, d*q + 4*k = 337. Is q composite?
True
Suppose 3*z - 131 = 2*z. Is z composite?
False
Is (4/10 + 46/(-40))*-1004 composite?
True
Suppose -25*s + 26*s - 4 = 0. Suppose s*j - 3*f - 112 = 11, 3*j + 4*f = 111. Is j a prime number?
False
Suppose s = -0*s + 537. Is s/7 + 6/21 composite?
True
Let c(n) = -n**3 + 11*n**2 + 2. Let w be c(11). Suppose -4 = -3*l + w. Is -1 - (l - (2 + 38)) a prime number?
True
Suppose -4*f + 10 = 2*u, f + 5*u + 1 + 19 = 0. Suppose -33 = -f*p + 17. Is p a composite number?
True
Suppose 0 = -48*c + 52*c - 26948. Is c a prime number?
True
Suppose 5*j - 45 = 4*b, -4*j - b = -4*b - 35. Let t = -33 + 53. Let s = t - j. Is s a prime number?
False
Let u(r) = -10 - 9*r - r**3 - 6*r**2 - 8 + 17. Let v be (18/4)/(6/(-8)). Is u(v) a composite number?
False
Let d = 507 - -194. Is d a prime number?
True
Let w(u) = -7*u. Let k be w(-5). Let g be 10/k + 19/7. Suppose -11 = g*a + 5*c, -a - 5 = -0*a + 2*c. Is a a prime number?
True
Suppose 4*j = c - 123, -2*j = -3*c + 341 + 8. Let q = -78 + c. Is q prime?
True
Let u(s) = 3*s**2 - 3*s - 11. Is u(-9) a prime number?
False
Let g(n) = -12*n**2 + 1 + 3 - 3*n**3 - 14*n + 2*n**3 + 0. Is g(-11) prime?
True
Suppose y = 10 - 81. Suppose -2*s = 3*s + 3*v + 242, -4*s - 3*v = 193. Let q = s - y. Is q prime?
False
Suppose 2*c - 2 - 4 = 0. Suppose 137 = o + 4*a, 0*o + 5*a = -c*o + 397. Suppose -4*i - o = -4*b - 3*i, 0 = -4*i - 20. Is b prime?
True
Suppose 0 = 4*o - 2*o - i - 77, 4*o - 133 = -5*i. Is o a prime number?
True
Is (33/(-6))/(3/(-6)) prime?
True
Let h(b) = 3*b**2 + 0*b**2 + 0*b**2 + 71*b**3 - 4*b**2. Let s be h(1). Suppose 22 = 4*p - s. Is p a composite number?
False
Suppose u + 15 = 3*v - 7*v, 0 = u - 5*v + 15. Let p = u - -21. Suppose p = 4*t - 70. Is t a composite number?
False
Let b(a) = -a**3 + 4*a**2 + 6*a - 1. Let h be b(5). Suppose 2*g + 3*p = -0*p + 10, 3*p = g + h. Suppose v - 3 = 0, -6*w + 99 = -w - g*v. Is w a prime number?
False
Suppose 0 = -5*c + 3*f + 3228, 3*c - c - 4*f - 1294 = 0. Suppose 0*t = -3*o + t + 386, -5*o + 2*t + c = 0. Is o a prime number?
True
Suppose -4*j + 513 = -5*a, 0*a - 4*j - 117 = a. Let d = a + 182. Is d a composite number?
True
Suppose -g = 4*g - 5*c - 1145, -g - 5*c = -253. Is g composite?
False
Let u = -4 - -10. Let a = 83 + u. Is a a composite number?
False
Is (101 + 2)*(-4 + 6) a composite number?
True
Suppose 42*t + 1948 = 46*t. Is t prime?
True
Suppose -3*b - b = -628. Is b a prime number?
True
Suppose -u - 93 = -3*w, 4*w + 6*u - u - 105 = 0. Let k = w - 19. Is k a composite number?
False
Let c(l) = -l**2 + 4*l - 2. Let u be c(2). Let y = u + 1. Suppose -65 = -y*h + 28. Is h composite?
False
Let w be (-3)/(-4) - (-99)/44. Suppose -w*k + 528 = -k + 2*o, -802 = -3*k - o. Is k prime?
True
Let s(u) = -6*u - 1. Let n be s(1). Let x(d) = -d**3 - 6*d**2 + 4*d - 2. Is x(n) composite?
False
Suppose 0 = -4*q + 1 + 15. Suppose 3*v - 5*o = 2*v + 110, -q*o + 220 = 2*v. Suppose -z - v = -6*z. Is z a composite number?
True
Is 1*((490 - -1 - -1) + -1) prime?
True
Suppose -3 - 3 = -3*k. Let y = k + -5. Let o = 37 + y. Is o a prime number?
False
Let d be ((-10)/15)/(1/(-60)). Suppose 0 = 2*q - 118 - d. Is q composite?
False
Suppose -1642 = -7*p + 5*p. Is p composite?
False
Suppose 2*n - 3383 = h, -2*n - n + h + 5076 = 0. Is n prime?
True
Let o(i) = -i**2 - 5*i - 3. Let t be o(-3). Suppose 0 = t*r + 3*p - 8*p - 15, 2*r + 5*p = 10. Suppose -5 = -r*u + 45. Is u a prime number?
False
Let u be ((-2)/4)/(1/(-360)). Suppose -3*c = -5*c - 178. Let i = c + u. Is i prime?
False
Suppose -5*r + 4*q + 0 + 17 = 0, 0 = -4*r + 3*q + 14. Suppose 4*u - 167 = -4*x + 37, 63 = x - r*u. Is x a composite number?
False
Let a(t) = t**3 + 8*t**2 + 10*t - 3. Let u be a(-7). Let h be -1*6/8*u. Let n = h + 19. Is n a prime number?
True
Let z = 794 + -566. Let v = 151 - z. Let t = -46 - v. Is t prime?
True
Let t(h) = 195*h + 2. Is t(9) a composite number?
True
Suppose 6778 = 4*m - 3*b, 6*b - 6764 = -4*m + 2*b. Is m a composite number?
False
Is (-10)/15 - (-1139)/3 prime?
True
Suppose 3*r - 3*s - 1 = 5, 0 = r + 3*s - 6. Suppose -4*f + r - 7 = 0. Is 85 + 0 + (f - 1) prime?
True
Suppose -5*w + 358 + 112 = 0. Is w composite?
True
Is -2661*((-16)/12)/4 composite?
False
Let f(y) = -y**3 + 9*y**2 - 6*y + 7. Let m = 3 + 8. Suppose -m = -u - 3. Is f(u) prime?
True
Suppose -1101 = -t - 2*q + 368, t + 4*q - 1473 = 0. Is t prime?
False
Let p(v) = 80*v - 4. Let a be p(3). Suppose -r - a = r. Is 4*(r/(-8) - 1) prime?
False
Let r(s) = 38*s**2 + 5*s - 2. Is r(3) a prime number?
False
Let w(m) = 502*m**2 - 2*m - 1. Is w(-1) prime?
True
Suppose -2*f + 13*w - 12*w = -3081, w = 5*f - 7710. Is f a prime number?
True
Let k = -8 - -11. Suppose -k*h + 156 = -l, -h + 2*l + 38 = -3*l. Is h a composite number?
False
Let w be (2 + 0 + -1)*3. Let u be 68/16 + (-2)/8. Suppose 2*y = u*x - 40 - 10, 0 = -w*x + y + 39. Is x a composite number?
True
Let h(n) = n - 2. Let x be h(-5). Let l(d) = -d**3 - 6*d**2 + 5*d + 7. Is l(x) a prime number?
False
Let c = 44 - -10. Let u be c/12 + 1/(-2). Suppose -u*x = 5*j - 215, -5*j - x = 2*x - 210. Is j a prime number?
False
Suppose 0*m - 27 = 3*m. Is ((-1086)/m)/((-2)/(-3)) prime?
True
Let h = -29 + 71. Suppose -3*z + h = -0*z. Is z a prime number?
False
Let l = 845 + -1563. Let c = l - -1455. Is c a prime number?
False
Suppose 0 = -y + 1 - 10. Let i(h) = -15*h - 4 + h**2 - 2*h**2 - 1. Is i(y) a prime number?
False
Let t(r) = -r**3 - 6*r**2 + 5*r - 4. Let l be t(-7). Let g = l + -5. Suppose g*w = -4*a + 937, 5*a - 129 = -3*w + 441. Is w prime?
False
Let p be (12/10)/((-3)/(-15)). Suppose -h = 5*m - 0*h - 56, m - 5*h = p. Is m prime?
True
Suppose -4*j = -j - 1425. Let f = j + -284. Is f prime?
True
Let l(n) be the second derivative of -57*n**3/2 - 5*n**2/2 + 2*n. Suppose v = 3*v + 8. Is l(v) a composite number?
True
Let a(j) = -j**3 - 4*j**2 + j + 4. Let k be a(-4). Suppose -3*q + 28 + 248 = k. Suppose z - q = -4*h + 2*h, 4*h - 180 = -4*z. Is h composite?
False
Suppose 6*l - v = l + 750, v = l - 154. Is l a composite number?
False
Let x(s) = -74*s**2 + s - 1. Let d be x(1). Let k = d + 111. Is k prime?
True
Let x(g) = 22*g - 1. Let w be x(1). Suppose -r + 10 = -w. Is r a composite number?
False
Is (-92590)/(-30) + (-8)/6 prime?
False
Let n = -3 - -5. Let c be (-4)/14 - (24288/(-42) - -5). Suppose c = -n*m + 5*m. Is m composite?
False
Is 4 - (-11)/(66/3204) composite?
True
Suppose 7*f = 9*f - 46. Is f a composite number?
False
Suppose -4*d = d. Suppose d = -3*w + 10 + 71. Let s = w + -12. Is s prime?
False
Let b(a) = 121 - 6*a**2 + a**2 + a**2 + 3*a**2. Is b(0) prime?
False
Suppose 12891 = 3*z - 4*y + 2*y, 0 = -4*y. Is z prime?
True
Let c(t) = 4*t**2 + 3*t + 7. Let n be c(-6). Suppose p - n = -g, -2*g = -0*g - p - 266. Is g a prime number?
False
Suppose 12 = 2*g + g. Suppose g*l - l = -18. Let a = 7 - l. Is a prime?
True
Let a be (-18)/(-4)*88/6. Let t(b) = -44*b**3 - 1. Let l be t(1). Let d = a + l. Is d prime?
False
Is (6/(-9))/(3392/(-1695) - -2) a composite number?
True
Suppose 0*m + 5*m - 3*d = 1527, 0 = 2*m + 5*d - 586. I